{"id":5188,"date":"2026-09-01T01:00:19","date_gmt":"2026-08-31T23:00:19","guid":{"rendered":"https:\/\/www.tourismus.dachau.de\/?post_type=events_heimatinfo&#038;p=5188"},"modified":"2026-09-02T01:00:15","modified_gmt":"2026-09-01T23:00:15","slug":"fuehrung-durch-die-sonderausstellung-sinne-zur-kulturgeschichte-unserer-wahrnehmung-2","status":"publish","type":"events_heimatinfo","link":"https:\/\/www.tourismus.dachau.de\/en\/veranstaltungskalender\/fuehrung-durch-die-sonderausstellung-sinne-zur-kulturgeschichte-unserer-wahrnehmung-2\/","title":{"rendered":"Guided tour of the special exhibition \u201eSENSES \u2013 On the Cultural History of Our Perception\u201c"},"content":{"rendered":"<p>Our public tours offer a vibrant exploration of the five senses and their cultural history. Together, we'll discover how sight, hearing, smell, taste, and touch shape our daily lives \u2013 and how surprisingly different people perceived the world in the past.<\/p>\n<p>Registration required: Tel. 08131 5675-13 or verwaltung@dachauer-galerien-museen.de<\/p>\n<p>(4 \u20ac service charge, plus admission)<\/p>","protected":false},"excerpt":{"rendered":"<p>Our public tours offer a lively approach to the five senses and their cultural history. Together, we explore how seeing, hearing, smelling, tasting, and touching shape our daily lives\u2014and how surprisingly differently people perceived the world in the past. Registration required: Phone 08131 5675-13 or verwaltung@dachauer-galerien-museen.de (\u20ac4 tour fee, plus admission)<\/p>","protected":false},"featured_media":0,"template":"","class_list":["post-5188","events_heimatinfo","type-events_heimatinfo","status-publish","hentry"],"yoast_head":"<!-- This site is optimized with the Yoast SEO plugin v28.3 - https:\/\/yoast.com\/product\/yoast-seo-wordpress\/ -->\n<title>F\u00fchrung durch die Sonderausstellung &quot;SINNE \u2013 Zur Kulturgeschichte unserer Wahrnehmung&quot; - Dachau Tourismus<\/title>\n<meta name=\"robots\" content=\"index, follow, max-snippet:-1, max-image-preview:large, max-video-preview:-1\" \/>\n<link rel=\"canonical\" href=\"https:\/\/www.tourismus.dachau.de\/en\/veranstaltungskalender\/fuehrung-durch-die-sonderausstellung-sinne-zur-kulturgeschichte-unserer-wahrnehmung-2\/\" \/>\n<meta property=\"og:locale\" content=\"en_US\" \/>\n<meta property=\"og:type\" content=\"article\" \/>\n<meta property=\"og:title\" content=\"F\u00fchrung durch die Sonderausstellung &quot;SINNE \u2013 Zur Kulturgeschichte unserer Wahrnehmung&quot; - Dachau Tourismus\" \/>\n<meta property=\"og:description\" content=\"Unsere \u00f6ffentlichen F\u00fchrungen bieten einen lebendigen Zugang zu den f\u00fcnf Sinnen und ihrer Kulturgeschichte. Gemeinsam erkunden wir, wie Sehen, H\u00f6ren, Riechen, Schmecken und Tasten unseren Alltag pr\u00e4gen \u2013 und wie \u00fcberraschend anders Menschen fr\u00fcher wahrgenommen haben. Anmeldung erforderlich: Tel. 08131 5675\u201113 oder verwaltung@dachauer-galerien-museen.de (4 \u20ac F\u00fchrungsgeb\u00fchr, zzgl. Eintritt)\" \/>\n<meta property=\"og:url\" content=\"https:\/\/www.tourismus.dachau.de\/en\/veranstaltungskalender\/fuehrung-durch-die-sonderausstellung-sinne-zur-kulturgeschichte-unserer-wahrnehmung-2\/\" \/>\n<meta property=\"og:site_name\" content=\"Dachau Tourismus\" \/>\n<meta property=\"article:modified_time\" content=\"2026-09-01T23:00:15+00:00\" \/>\n<meta name=\"twitter:card\" content=\"summary_large_image\" \/>\n<script type=\"application\/ld+json\" class=\"yoast-schema-graph\">{\"@context\":\"https:\\\/\\\/schema.org\",\"@graph\":[{\"@type\":\"WebPage\",\"@id\":\"https:\\\/\\\/www.tourismus.dachau.de\\\/veranstaltungskalender\\\/fuehrung-durch-die-sonderausstellung-sinne-zur-kulturgeschichte-unserer-wahrnehmung-2\\\/\",\"url\":\"https:\\\/\\\/www.tourismus.dachau.de\\\/veranstaltungskalender\\\/fuehrung-durch-die-sonderausstellung-sinne-zur-kulturgeschichte-unserer-wahrnehmung-2\\\/\",\"name\":\"F\u00fchrung durch die Sonderausstellung \\\"SINNE \u2013 Zur Kulturgeschichte unserer Wahrnehmung\\\" - Dachau Tourismus\",\"isPartOf\":{\"@id\":\"https:\\\/\\\/www.tourismus.dachau.de\\\/#website\"},\"datePublished\":\"2026-08-31T23:00:19+00:00\",\"dateModified\":\"2026-09-01T23:00:15+00:00\",\"breadcrumb\":{\"@id\":\"https:\\\/\\\/www.tourismus.dachau.de\\\/veranstaltungskalender\\\/fuehrung-durch-die-sonderausstellung-sinne-zur-kulturgeschichte-unserer-wahrnehmung-2\\\/#breadcrumb\"},\"inLanguage\":\"en-US\",\"potentialAction\":[{\"@type\":\"ReadAction\",\"target\":[\"https:\\\/\\\/www.tourismus.dachau.de\\\/veranstaltungskalender\\\/fuehrung-durch-die-sonderausstellung-sinne-zur-kulturgeschichte-unserer-wahrnehmung-2\\\/\"]}]},{\"@type\":\"BreadcrumbList\",\"@id\":\"https:\\\/\\\/www.tourismus.dachau.de\\\/veranstaltungskalender\\\/fuehrung-durch-die-sonderausstellung-sinne-zur-kulturgeschichte-unserer-wahrnehmung-2\\\/#breadcrumb\",\"itemListElement\":[{\"@type\":\"ListItem\",\"position\":1,\"name\":\"Startseite\",\"item\":\"https:\\\/\\\/www.tourismus.dachau.de\\\/\"},{\"@type\":\"ListItem\",\"position\":2,\"name\":\"F\u00fchrung durch die Sonderausstellung &#8222;SINNE \u2013 Zur Kulturgeschichte unserer Wahrnehmung&#8220;\"}]},{\"@type\":\"WebSite\",\"@id\":\"https:\\\/\\\/www.tourismus.dachau.de\\\/#website\",\"url\":\"https:\\\/\\\/www.tourismus.dachau.de\\\/\",\"name\":\"Dachau Tourismus\",\"description\":\"Wir freuen uns \u00fcber Ihren Besuch auf unserer Website.\",\"publisher\":{\"@id\":\"https:\\\/\\\/www.tourismus.dachau.de\\\/#organization\"},\"potentialAction\":[{\"@type\":\"SearchAction\",\"target\":{\"@type\":\"EntryPoint\",\"urlTemplate\":\"https:\\\/\\\/www.tourismus.dachau.de\\\/?s={search_term_string}\"},\"query-input\":{\"@type\":\"PropertyValueSpecification\",\"valueRequired\":true,\"valueName\":\"search_term_string\"}}],\"inLanguage\":\"en-US\"},{\"@type\":\"Organization\",\"@id\":\"https:\\\/\\\/www.tourismus.dachau.de\\\/#organization\",\"name\":\"Dachau Tourismus\",\"url\":\"https:\\\/\\\/www.tourismus.dachau.de\\\/\",\"logo\":{\"@type\":\"ImageObject\",\"inLanguage\":\"en-US\",\"@id\":\"https:\\\/\\\/www.tourismus.dachau.de\\\/#\\\/schema\\\/logo\\\/image\\\/\",\"url\":\"\",\"contentUrl\":\"\",\"caption\":\"Dachau Tourismus\"},\"image\":{\"@id\":\"https:\\\/\\\/www.tourismus.dachau.de\\\/#\\\/schema\\\/logo\\\/image\\\/\"}}]}<\/script>\n<!-- \/ Yoast SEO plugin. -->","yoast_head_json":{"title":"Guided tour of the special exhibition \"SENSES \u2013 On the Cultural History of Our Perception\" - Dachau Tourism","robots":{"index":"index","follow":"follow","max-snippet":"max-snippet:-1","max-image-preview":"max-image-preview:large","max-video-preview":"max-video-preview:-1"},"canonical":"https:\/\/www.tourismus.dachau.de\/en\/veranstaltungskalender\/fuehrung-durch-die-sonderausstellung-sinne-zur-kulturgeschichte-unserer-wahrnehmung-2\/","og_locale":"en_US","og_type":"article","og_title":"F\u00fchrung durch die Sonderausstellung \"SINNE \u2013 Zur Kulturgeschichte unserer Wahrnehmung\" - Dachau Tourismus","og_description":"Unsere \u00f6ffentlichen F\u00fchrungen bieten einen lebendigen Zugang zu den f\u00fcnf Sinnen und ihrer Kulturgeschichte. Gemeinsam erkunden wir, wie Sehen, H\u00f6ren, Riechen, Schmecken und Tasten unseren Alltag pr\u00e4gen \u2013 und wie \u00fcberraschend anders Menschen fr\u00fcher wahrgenommen haben. Anmeldung erforderlich: Tel. 08131 5675\u201113 oder verwaltung@dachauer-galerien-museen.de (4 \u20ac F\u00fchrungsgeb\u00fchr, zzgl. Eintritt)","og_url":"https:\/\/www.tourismus.dachau.de\/en\/veranstaltungskalender\/fuehrung-durch-die-sonderausstellung-sinne-zur-kulturgeschichte-unserer-wahrnehmung-2\/","og_site_name":"Dachau Tourismus","article_modified_time":"2026-09-01T23:00:15+00:00","twitter_card":"summary_large_image","schema":{"@context":"https:\/\/schema.org","@graph":[{"@type":"WebPage","@id":"https:\/\/www.tourismus.dachau.de\/veranstaltungskalender\/fuehrung-durch-die-sonderausstellung-sinne-zur-kulturgeschichte-unserer-wahrnehmung-2\/","url":"https:\/\/www.tourismus.dachau.de\/veranstaltungskalender\/fuehrung-durch-die-sonderausstellung-sinne-zur-kulturgeschichte-unserer-wahrnehmung-2\/","name":"Guided tour of the special exhibition \"SENSES \u2013 On the Cultural History of Our Perception\" - Dachau Tourism","isPartOf":{"@id":"https:\/\/www.tourismus.dachau.de\/#website"},"datePublished":"2026-08-31T23:00:19+00:00","dateModified":"2026-09-01T23:00:15+00:00","breadcrumb":{"@id":"https:\/\/www.tourismus.dachau.de\/veranstaltungskalender\/fuehrung-durch-die-sonderausstellung-sinne-zur-kulturgeschichte-unserer-wahrnehmung-2\/#breadcrumb"},"inLanguage":"en-US","potentialAction":[{"@type":"ReadAction","target":["https:\/\/www.tourismus.dachau.de\/veranstaltungskalender\/fuehrung-durch-die-sonderausstellung-sinne-zur-kulturgeschichte-unserer-wahrnehmung-2\/"]}]},{"@type":"BreadcrumbList","@id":"https:\/\/www.tourismus.dachau.de\/veranstaltungskalender\/fuehrung-durch-die-sonderausstellung-sinne-zur-kulturgeschichte-unserer-wahrnehmung-2\/#breadcrumb","itemListElement":[{"@type":"ListItem","position":1,"name":"Startseite","item":"https:\/\/www.tourismus.dachau.de\/"},{"@type":"ListItem","position":2,"name":"F\u00fchrung durch die Sonderausstellung &#8222;SINNE \u2013 Zur Kulturgeschichte unserer Wahrnehmung&#8220;"}]},{"@type":"WebSite","@id":"https:\/\/www.tourismus.dachau.de\/#website","url":"https:\/\/www.tourismus.dachau.de\/","name":"Dachau Tourism","description":"We look forward to your visit to our website.","publisher":{"@id":"https:\/\/www.tourismus.dachau.de\/#organization"},"potentialAction":[{"@type":"SearchAction","target":{"@type":"EntryPoint","urlTemplate":"https:\/\/www.tourismus.dachau.de\/?s={search_term_string}"},"query-input":{"@type":"PropertyValueSpecification","valueRequired":true,"valueName":"search_term_string"}}],"inLanguage":"en-US"},{"@type":"Organization","@id":"https:\/\/www.tourismus.dachau.de\/#organization","name":"Dachau Tourism","url":"https:\/\/www.tourismus.dachau.de\/","logo":{"@type":"ImageObject","inLanguage":"en-US","@id":"https:\/\/www.tourismus.dachau.de\/#\/schema\/logo\/image\/","url":"","contentUrl":"","caption":"Dachau Tourismus"},"image":{"@id":"https:\/\/www.tourismus.dachau.de\/#\/schema\/logo\/image\/"}}]}},"_links":{"self":[{"href":"https:\/\/www.tourismus.dachau.de\/en\/wp-json\/wp\/v2\/events_heimatinfo\/5188","targetHints":{"allow":["GET"]}}],"collection":[{"href":"https:\/\/www.tourismus.dachau.de\/en\/wp-json\/wp\/v2\/events_heimatinfo"}],"about":[{"href":"https:\/\/www.tourismus.dachau.de\/en\/wp-json\/wp\/v2\/types\/events_heimatinfo"}],"wp:attachment":[{"href":"https:\/\/www.tourismus.dachau.de\/en\/wp-json\/wp\/v2\/media?parent=5188"}],"curies":[{"name":"wp","href":"https:\/\/api.w.org\/{rel}","templated":true}]}}

<!-- This site is optimized with the Yoast SEO plugin v28.3 - https://yoast.com/product/yoast-seo-wordpress/ -->
<title>Führung durch die Sonderausstellung &quot;SINNE – Zur Kulturgeschichte unserer Wahrnehmung&quot; - Dachau Tourismus</title>
<meta name="robots" content="index, follow, max-snippet:-1, max-image-preview:large, max-video-preview:-1" />
<link rel="canonical" href="https://www.tourismus.dachau.de/en/veranstaltungskalender/fuehrung-durch-die-sonderausstellung-sinne-zur-kulturgeschichte-unserer-wahrnehmung-2/" />
<meta property="og:locale" content="en_US" />
<meta property="og:type" content="article" />
<meta property="og:title" content="Führung durch die Sonderausstellung &quot;SINNE – Zur Kulturgeschichte unserer Wahrnehmung&quot; - Dachau Tourismus" />
<meta property="og:description" content="Unsere öffentlichen Führungen bieten einen lebendigen Zugang zu den fünf Sinnen und ihrer Kulturgeschichte. Gemeinsam erkunden wir, wie Sehen, Hören, Riechen, Schmecken und Tasten unseren Alltag prägen – und wie überraschend anders Menschen früher wahrgenommen haben. Anmeldung erforderlich: Tel. 08131 5675‑13 oder verwaltung@dachauer-galerien-museen.de (4 € Führungsgebühr, zzgl. Eintritt)" />
<meta property="og:url" content="https://www.tourismus.dachau.de/en/veranstaltungskalender/fuehrung-durch-die-sonderausstellung-sinne-zur-kulturgeschichte-unserer-wahrnehmung-2/" />
<meta property="og:site_name" content="Dachau Tourismus" />
<meta property="article:modified_time" content="2026-09-01T23:00:15+00:00" />
<meta name="twitter:card" content="summary_large_image" />
<script type="application/ld+json" class="yoast-schema-graph">{"@context":"https:\/\/schema.org","@graph":[{"@type":"WebPage","@id":"https:\/\/www.tourismus.dachau.de\/veranstaltungskalender\/fuehrung-durch-die-sonderausstellung-sinne-zur-kulturgeschichte-unserer-wahrnehmung-2\/","url":"https:\/\/www.tourismus.dachau.de\/veranstaltungskalender\/fuehrung-durch-die-sonderausstellung-sinne-zur-kulturgeschichte-unserer-wahrnehmung-2\/","name":"Führung durch die Sonderausstellung \"SINNE – Zur Kulturgeschichte unserer Wahrnehmung\" - Dachau Tourismus","isPartOf":{"@id":"https:\/\/www.tourismus.dachau.de\/#website"},"datePublished":"2026-08-31T23:00:19+00:00","dateModified":"2026-09-01T23:00:15+00:00","breadcrumb":{"@id":"https:\/\/www.tourismus.dachau.de\/veranstaltungskalender\/fuehrung-durch-die-sonderausstellung-sinne-zur-kulturgeschichte-unserer-wahrnehmung-2\/#breadcrumb"},"inLanguage":"en-US","potentialAction":[{"@type":"ReadAction","target":["https:\/\/www.tourismus.dachau.de\/veranstaltungskalender\/fuehrung-durch-die-sonderausstellung-sinne-zur-kulturgeschichte-unserer-wahrnehmung-2\/"]}]},{"@type":"BreadcrumbList","@id":"https:\/\/www.tourismus.dachau.de\/veranstaltungskalender\/fuehrung-durch-die-sonderausstellung-sinne-zur-kulturgeschichte-unserer-wahrnehmung-2\/#breadcrumb","itemListElement":[{"@type":"ListItem","position":1,"name":"Startseite","item":"https:\/\/www.tourismus.dachau.de\/"},{"@type":"ListItem","position":2,"name":"Führung durch die Sonderausstellung &#8222;SINNE – Zur Kulturgeschichte unserer Wahrnehmung&#8220;"}]},{"@type":"WebSite","@id":"https:\/\/www.tourismus.dachau.de\/#website","url":"https:\/\/www.tourismus.dachau.de\/","name":"Dachau Tourismus","description":"Wir freuen uns über Ihren Besuch auf unserer Website.","publisher":{"@id":"https:\/\/www.tourismus.dachau.de\/#organization"},"potentialAction":[{"@type":"SearchAction","target":{"@type":"EntryPoint","urlTemplate":"https:\/\/www.tourismus.dachau.de\/?s={search_term_string}"},"query-input":{"@type":"PropertyValueSpecification","valueRequired":true,"valueName":"search_term_string"}}],"inLanguage":"en-US"},{"@type":"Organization","@id":"https:\/\/www.tourismus.dachau.de\/#organization","name":"Dachau Tourismus","url":"https:\/\/www.tourismus.dachau.de\/","logo":{"@type":"ImageObject","inLanguage":"en-US","@id":"https:\/\/www.tourismus.dachau.de\/#\/schema\/logo\/image\/","url":"","contentUrl":"","caption":"Dachau Tourismus"},"image":{"@id":"https:\/\/www.tourismus.dachau.de\/#\/schema\/logo\/image\/"}}]}</script>
<!-- / Yoast SEO plugin. -->

Führung durch die Sonderausstellung "SINNE – Zur Kulturgeschichte unserer Wahrnehmung" - Dachau Tourismus

Unsere öffentlichen Führungen bieten einen lebendigen Zugang zu den fünf Sinnen und ihrer Kulturgeschichte. Gemeinsam erkunden wir, wie Sehen, Hören, Riechen, Schmecken und Tasten unseren Alltag prägen – und wie überraschend anders Menschen früher wahrgenommen haben. Anmeldung erforderlich: Tel. 08131 5675‑13 oder verwaltung@dachauer-galerien-museen.de (4 € Führungsgebühr, zzgl. Eintritt)

Führung durch die Sonderausstellung &#8222;SINNE – Zur Kulturgeschichte unserer Wahrnehmung&#8220;
