{"id":9179,"date":"2026-07-14T01:00:11","date_gmt":"2026-07-13T23:00:11","guid":{"rendered":"https:\/\/www.tourismus.dachau.de\/?post_type=events_heimatinfo&#038;p=9179"},"modified":"2026-09-02T01:00:17","modified_gmt":"2026-09-01T23:00:17","slug":"schwanen-eva-sotriffer-bozen-it","status":"publish","type":"events_heimatinfo","link":"https:\/\/www.tourismus.dachau.de\/en\/veranstaltungskalender\/schwanen-eva-sotriffer-bozen-it\/","title":{"rendered":"Swan \u2013 Eva Sotriffer, Bolzano IT"},"content":{"rendered":"<p>Too big, too long, too thin, too wobbly, too grey, too slow, too clumsy! Why am I different from everyone else? The little duckling is out of luck. Everywhere it bumps into things, it doesn't fit in anywhere, and yes, ugly it is anyway. And so the duckling stumbles from one unpleasant situation into the next. Along the way, it encounters loneliness, exclusion, rejection, and more than a little cruelty. But then something starts to dawn on it. Where on earth did that wing come from? Puppet theater (almost) without words, freely adapted from H.C. Andersen's \u201eThe Ugly Duckling\u201c.<\/p>\n<p>Tickets \u2013 Children \/ Adults: \u20ac7<\/p>\n<p>Doors: 15:20, duration: 45 min.<\/p>\n<p>Age: Children 4 years and older<\/p>\n<p>Advance sale: Naturkostinsel at M\u00fcnchner Str. 52, Dachau or via online ticket sales: ticketino.com<\/p>\n<p>Contact:<br \/>\nLeierkasten Dachau Cabaret Stage<br \/>\nUhdestr. 2, 85221<\/p>\n<p>Phone: 08131 \u2013 55195<br \/>\nEmail: info@leierkasten-dachau.de<br \/>\nHomepage: www.leierkasten-dachau.de<\/p>","protected":false},"excerpt":{"rendered":"<p>Zu gro\u00df, zu lang, zu d\u00fcnn, zu wacklig, zu grau, zu langsam, zu ungeschickt! Warum bin ich anders als alle anderen? Das kleine Entlein hat kein Gl\u00fcck. \u00dcberall eckt es an, es passt in keine Reihe und ja, h\u00e4sslich ist es sowieso. So stolpert Entlein von einer unangenehmen Situation in die n\u00e4chste. Dabei begegnet es [&hellip;]<\/p>\n","protected":false},"featured_media":0,"template":"","class_list":["post-9179","events_heimatinfo","type-events_heimatinfo","status-publish","hentry"],"yoast_head":"<!-- This site is optimized with the Yoast SEO plugin v28.3 - https:\/\/yoast.com\/product\/yoast-seo-wordpress\/ -->\n<title>Schwanen \u2013 Eva Sotriffer, Bozen IT - Dachau Tourismus<\/title>\n<meta name=\"robots\" content=\"index, follow, max-snippet:-1, max-image-preview:large, max-video-preview:-1\" \/>\n<link rel=\"canonical\" href=\"https:\/\/www.tourismus.dachau.de\/en\/veranstaltungskalender\/schwanen-eva-sotriffer-bozen-it\/\" \/>\n<meta property=\"og:locale\" content=\"en_US\" \/>\n<meta property=\"og:type\" content=\"article\" \/>\n<meta property=\"og:title\" content=\"Schwanen \u2013 Eva Sotriffer, Bozen IT - Dachau Tourismus\" \/>\n<meta property=\"og:description\" content=\"Zu gro\u00df, zu lang, zu d\u00fcnn, zu wacklig, zu grau, zu langsam, zu ungeschickt! Warum bin ich anders als alle anderen? Das kleine Entlein hat kein Gl\u00fcck. \u00dcberall eckt es an, es passt in keine Reihe und ja, h\u00e4sslich ist es sowieso. So stolpert Entlein von einer unangenehmen Situation in die n\u00e4chste. Dabei begegnet es [&hellip;]\" \/>\n<meta property=\"og:url\" content=\"https:\/\/www.tourismus.dachau.de\/en\/veranstaltungskalender\/schwanen-eva-sotriffer-bozen-it\/\" \/>\n<meta property=\"og:site_name\" content=\"Dachau Tourismus\" \/>\n<meta property=\"article:modified_time\" content=\"2026-09-01T23:00:17+00:00\" \/>\n<meta name=\"twitter:card\" content=\"summary_large_image\" \/>\n<meta name=\"twitter:label1\" content=\"Est. reading time\" \/>\n\t<meta name=\"twitter:data1\" content=\"1 minute\" \/>\n<script type=\"application\/ld+json\" class=\"yoast-schema-graph\">{\"@context\":\"https:\\\/\\\/schema.org\",\"@graph\":[{\"@type\":\"WebPage\",\"@id\":\"https:\\\/\\\/www.tourismus.dachau.de\\\/veranstaltungskalender\\\/schwanen-eva-sotriffer-bozen-it\\\/\",\"url\":\"https:\\\/\\\/www.tourismus.dachau.de\\\/veranstaltungskalender\\\/schwanen-eva-sotriffer-bozen-it\\\/\",\"name\":\"Schwanen \u2013 Eva Sotriffer, Bozen IT - Dachau Tourismus\",\"isPartOf\":{\"@id\":\"https:\\\/\\\/www.tourismus.dachau.de\\\/#website\"},\"datePublished\":\"2026-07-13T23:00:11+00:00\",\"dateModified\":\"2026-09-01T23:00:17+00:00\",\"breadcrumb\":{\"@id\":\"https:\\\/\\\/www.tourismus.dachau.de\\\/veranstaltungskalender\\\/schwanen-eva-sotriffer-bozen-it\\\/#breadcrumb\"},\"inLanguage\":\"en-US\",\"potentialAction\":[{\"@type\":\"ReadAction\",\"target\":[\"https:\\\/\\\/www.tourismus.dachau.de\\\/veranstaltungskalender\\\/schwanen-eva-sotriffer-bozen-it\\\/\"]}]},{\"@type\":\"BreadcrumbList\",\"@id\":\"https:\\\/\\\/www.tourismus.dachau.de\\\/veranstaltungskalender\\\/schwanen-eva-sotriffer-bozen-it\\\/#breadcrumb\",\"itemListElement\":[{\"@type\":\"ListItem\",\"position\":1,\"name\":\"Startseite\",\"item\":\"https:\\\/\\\/www.tourismus.dachau.de\\\/\"},{\"@type\":\"ListItem\",\"position\":2,\"name\":\"Schwanen \u2013 Eva Sotriffer, Bozen IT\"}]},{\"@type\":\"WebSite\",\"@id\":\"https:\\\/\\\/www.tourismus.dachau.de\\\/#website\",\"url\":\"https:\\\/\\\/www.tourismus.dachau.de\\\/\",\"name\":\"Dachau Tourismus\",\"description\":\"Wir freuen uns \u00fcber Ihren Besuch auf unserer Website.\",\"publisher\":{\"@id\":\"https:\\\/\\\/www.tourismus.dachau.de\\\/#organization\"},\"potentialAction\":[{\"@type\":\"SearchAction\",\"target\":{\"@type\":\"EntryPoint\",\"urlTemplate\":\"https:\\\/\\\/www.tourismus.dachau.de\\\/?s={search_term_string}\"},\"query-input\":{\"@type\":\"PropertyValueSpecification\",\"valueRequired\":true,\"valueName\":\"search_term_string\"}}],\"inLanguage\":\"en-US\"},{\"@type\":\"Organization\",\"@id\":\"https:\\\/\\\/www.tourismus.dachau.de\\\/#organization\",\"name\":\"Dachau Tourismus\",\"url\":\"https:\\\/\\\/www.tourismus.dachau.de\\\/\",\"logo\":{\"@type\":\"ImageObject\",\"inLanguage\":\"en-US\",\"@id\":\"https:\\\/\\\/www.tourismus.dachau.de\\\/#\\\/schema\\\/logo\\\/image\\\/\",\"url\":\"\",\"contentUrl\":\"\",\"caption\":\"Dachau Tourismus\"},\"image\":{\"@id\":\"https:\\\/\\\/www.tourismus.dachau.de\\\/#\\\/schema\\\/logo\\\/image\\\/\"}}]}<\/script>\n<!-- \/ Yoast SEO plugin. -->","yoast_head_json":{"title":"Schwanen \u2013 Eva Sotriffer, Bozen IT - Dachau Tourismus","robots":{"index":"index","follow":"follow","max-snippet":"max-snippet:-1","max-image-preview":"max-image-preview:large","max-video-preview":"max-video-preview:-1"},"canonical":"https:\/\/www.tourismus.dachau.de\/en\/veranstaltungskalender\/schwanen-eva-sotriffer-bozen-it\/","og_locale":"en_US","og_type":"article","og_title":"Schwanen \u2013 Eva Sotriffer, Bozen IT - Dachau Tourismus","og_description":"Zu gro\u00df, zu lang, zu d\u00fcnn, zu wacklig, zu grau, zu langsam, zu ungeschickt! Warum bin ich anders als alle anderen? Das kleine Entlein hat kein Gl\u00fcck. \u00dcberall eckt es an, es passt in keine Reihe und ja, h\u00e4sslich ist es sowieso. So stolpert Entlein von einer unangenehmen Situation in die n\u00e4chste. Dabei begegnet es [&hellip;]","og_url":"https:\/\/www.tourismus.dachau.de\/en\/veranstaltungskalender\/schwanen-eva-sotriffer-bozen-it\/","og_site_name":"Dachau Tourismus","article_modified_time":"2026-09-01T23:00:17+00:00","twitter_card":"summary_large_image","twitter_misc":{"Est. reading time":"1 minute"},"schema":{"@context":"https:\/\/schema.org","@graph":[{"@type":"WebPage","@id":"https:\/\/www.tourismus.dachau.de\/veranstaltungskalender\/schwanen-eva-sotriffer-bozen-it\/","url":"https:\/\/www.tourismus.dachau.de\/veranstaltungskalender\/schwanen-eva-sotriffer-bozen-it\/","name":"Schwanen \u2013 Eva Sotriffer, Bozen IT - Dachau Tourismus","isPartOf":{"@id":"https:\/\/www.tourismus.dachau.de\/#website"},"datePublished":"2026-07-13T23:00:11+00:00","dateModified":"2026-09-01T23:00:17+00:00","breadcrumb":{"@id":"https:\/\/www.tourismus.dachau.de\/veranstaltungskalender\/schwanen-eva-sotriffer-bozen-it\/#breadcrumb"},"inLanguage":"en-US","potentialAction":[{"@type":"ReadAction","target":["https:\/\/www.tourismus.dachau.de\/veranstaltungskalender\/schwanen-eva-sotriffer-bozen-it\/"]}]},{"@type":"BreadcrumbList","@id":"https:\/\/www.tourismus.dachau.de\/veranstaltungskalender\/schwanen-eva-sotriffer-bozen-it\/#breadcrumb","itemListElement":[{"@type":"ListItem","position":1,"name":"Startseite","item":"https:\/\/www.tourismus.dachau.de\/"},{"@type":"ListItem","position":2,"name":"Schwanen \u2013 Eva Sotriffer, Bozen IT"}]},{"@type":"WebSite","@id":"https:\/\/www.tourismus.dachau.de\/#website","url":"https:\/\/www.tourismus.dachau.de\/","name":"Dachau Tourism","description":"We look forward to your visit to our website.","publisher":{"@id":"https:\/\/www.tourismus.dachau.de\/#organization"},"potentialAction":[{"@type":"SearchAction","target":{"@type":"EntryPoint","urlTemplate":"https:\/\/www.tourismus.dachau.de\/?s={search_term_string}"},"query-input":{"@type":"PropertyValueSpecification","valueRequired":true,"valueName":"search_term_string"}}],"inLanguage":"en-US"},{"@type":"Organization","@id":"https:\/\/www.tourismus.dachau.de\/#organization","name":"Dachau Tourism","url":"https:\/\/www.tourismus.dachau.de\/","logo":{"@type":"ImageObject","inLanguage":"en-US","@id":"https:\/\/www.tourismus.dachau.de\/#\/schema\/logo\/image\/","url":"","contentUrl":"","caption":"Dachau Tourismus"},"image":{"@id":"https:\/\/www.tourismus.dachau.de\/#\/schema\/logo\/image\/"}}]}},"_links":{"self":[{"href":"https:\/\/www.tourismus.dachau.de\/en\/wp-json\/wp\/v2\/events_heimatinfo\/9179","targetHints":{"allow":["GET"]}}],"collection":[{"href":"https:\/\/www.tourismus.dachau.de\/en\/wp-json\/wp\/v2\/events_heimatinfo"}],"about":[{"href":"https:\/\/www.tourismus.dachau.de\/en\/wp-json\/wp\/v2\/types\/events_heimatinfo"}],"wp:attachment":[{"href":"https:\/\/www.tourismus.dachau.de\/en\/wp-json\/wp\/v2\/media?parent=9179"}],"curies":[{"name":"wp","href":"https:\/\/api.w.org\/{rel}","templated":true}]}}

<p>Too big, too long, too thin, too wobbly, too grey, too slow, too clumsy! Why am I different from everyone else? The little duckling is out of luck. Everywhere it bumps into things, it doesn't fit in anywhere, and yes, ugly it is anyway. And so the duckling stumbles from one unpleasant situation into the next. Along the way, it encounters loneliness, exclusion, rejection, and more than a little cruelty. But then something starts to dawn on it. Where on earth did that wing come from? Puppet theater (almost) without words, freely adapted from H.C. Andersen's „The Ugly Duckling“.</p>
<p>Tickets – Children / Adults: €7</p>
<p>Doors: 15:20, duration: 45 min.</p>
<p>Age: Children 4 years and older</p>
<p>Advance sale: Naturkostinsel at Münchner Str. 52, Dachau or via online ticket sales: ticketino.com</p>
<p>Contact:<br />
Leierkasten Dachau Cabaret Stage<br />
Uhdestr. 2, 85221</p>
<p>Phone: 08131 – 55195<br />
Email: info@leierkasten-dachau.de<br />
Homepage: www.leierkasten-dachau.de</p>

<p>Zu groß, zu lang, zu dünn, zu wacklig, zu grau, zu langsam, zu ungeschickt! Warum bin ich anders als alle anderen? Das kleine Entlein hat kein Glück. Überall eckt es an, es passt in keine Reihe und ja, hässlich ist es sowieso. So stolpert Entlein von einer unangenehmen Situation in die nächste. Dabei begegnet es [&hellip;]</p>

<!-- This site is optimized with the Yoast SEO plugin v28.3 - https://yoast.com/product/yoast-seo-wordpress/ -->
<title>Schwanen – Eva Sotriffer, Bozen IT - Dachau Tourismus</title>
<meta name="robots" content="index, follow, max-snippet:-1, max-image-preview:large, max-video-preview:-1" />
<link rel="canonical" href="https://www.tourismus.dachau.de/en/veranstaltungskalender/schwanen-eva-sotriffer-bozen-it/" />
<meta property="og:locale" content="en_US" />
<meta property="og:type" content="article" />
<meta property="og:title" content="Schwanen – Eva Sotriffer, Bozen IT - Dachau Tourismus" />
<meta property="og:description" content="Zu groß, zu lang, zu dünn, zu wacklig, zu grau, zu langsam, zu ungeschickt! Warum bin ich anders als alle anderen? Das kleine Entlein hat kein Glück. Überall eckt es an, es passt in keine Reihe und ja, hässlich ist es sowieso. So stolpert Entlein von einer unangenehmen Situation in die nächste. Dabei begegnet es [&hellip;]" />
<meta property="og:url" content="https://www.tourismus.dachau.de/en/veranstaltungskalender/schwanen-eva-sotriffer-bozen-it/" />
<meta property="og:site_name" content="Dachau Tourismus" />
<meta property="article:modified_time" content="2026-09-01T23:00:17+00:00" />
<meta name="twitter:card" content="summary_large_image" />
<meta name="twitter:label1" content="Est. reading time" />
	<meta name="twitter:data1" content="1 minute" />
<script type="application/ld+json" class="yoast-schema-graph">{"@context":"https:\/\/schema.org","@graph":[{"@type":"WebPage","@id":"https:\/\/www.tourismus.dachau.de\/veranstaltungskalender\/schwanen-eva-sotriffer-bozen-it\/","url":"https:\/\/www.tourismus.dachau.de\/veranstaltungskalender\/schwanen-eva-sotriffer-bozen-it\/","name":"Schwanen – Eva Sotriffer, Bozen IT - Dachau Tourismus","isPartOf":{"@id":"https:\/\/www.tourismus.dachau.de\/#website"},"datePublished":"2026-07-13T23:00:11+00:00","dateModified":"2026-09-01T23:00:17+00:00","breadcrumb":{"@id":"https:\/\/www.tourismus.dachau.de\/veranstaltungskalender\/schwanen-eva-sotriffer-bozen-it\/#breadcrumb"},"inLanguage":"en-US","potentialAction":[{"@type":"ReadAction","target":["https:\/\/www.tourismus.dachau.de\/veranstaltungskalender\/schwanen-eva-sotriffer-bozen-it\/"]}]},{"@type":"BreadcrumbList","@id":"https:\/\/www.tourismus.dachau.de\/veranstaltungskalender\/schwanen-eva-sotriffer-bozen-it\/#breadcrumb","itemListElement":[{"@type":"ListItem","position":1,"name":"Startseite","item":"https:\/\/www.tourismus.dachau.de\/"},{"@type":"ListItem","position":2,"name":"Schwanen – Eva Sotriffer, Bozen IT"}]},{"@type":"WebSite","@id":"https:\/\/www.tourismus.dachau.de\/#website","url":"https:\/\/www.tourismus.dachau.de\/","name":"Dachau Tourismus","description":"Wir freuen uns über Ihren Besuch auf unserer Website.","publisher":{"@id":"https:\/\/www.tourismus.dachau.de\/#organization"},"potentialAction":[{"@type":"SearchAction","target":{"@type":"EntryPoint","urlTemplate":"https:\/\/www.tourismus.dachau.de\/?s={search_term_string}"},"query-input":{"@type":"PropertyValueSpecification","valueRequired":true,"valueName":"search_term_string"}}],"inLanguage":"en-US"},{"@type":"Organization","@id":"https:\/\/www.tourismus.dachau.de\/#organization","name":"Dachau Tourismus","url":"https:\/\/www.tourismus.dachau.de\/","logo":{"@type":"ImageObject","inLanguage":"en-US","@id":"https:\/\/www.tourismus.dachau.de\/#\/schema\/logo\/image\/","url":"","contentUrl":"","caption":"Dachau Tourismus"},"image":{"@id":"https:\/\/www.tourismus.dachau.de\/#\/schema\/logo\/image\/"}}]}</script>
<!-- / Yoast SEO plugin. -->

Zu groß, zu lang, zu dünn, zu wacklig, zu grau, zu langsam, zu ungeschickt! Warum bin ich anders als alle anderen? Das kleine Entlein hat kein Glück. Überall eckt es an, es passt in keine Reihe und ja, hässlich ist es sowieso. So stolpert Entlein von einer unangenehmen Situation in die nächste. Dabei begegnet es [&hellip;]
