{"id":9179,"date":"2026-07-14T01:00:11","date_gmt":"2026-07-13T23:00:11","guid":{"rendered":"https:\/\/www.tourismus.dachau.de\/?post_type=events_heimatinfo&#038;p=9179"},"modified":"2026-09-02T01:00:17","modified_gmt":"2026-09-01T23:00:17","slug":"schwanen-eva-sotriffer-bozen-it","status":"publish","type":"events_heimatinfo","link":"https:\/\/www.tourismus.dachau.de\/fr\/veranstaltungskalender\/schwanen-eva-sotriffer-bozen-it\/","title":{"rendered":"Cygne \u2013 Eva Sotriffer, Bolzano IT"},"content":{"rendered":"<p>Trop grand, trop long, trop mince, trop instable, trop gris, trop lent, trop maladroit ! Pourquoi suis-je diff\u00e9rent de tous les autres ? Le petit caneton n'a pas de chance. Partout il d\u00e9tonne, il ne rentre dans aucun moule et, de toute fa\u00e7on, il est laid. C'est ainsi que le caneton tr\u00e9buche d'une situation d\u00e9sagr\u00e9able \u00e0 une autre. Il y rencontre la solitude, l'exclusion, le rejet et bien des cruaut\u00e9s. Mais alors, quelque chose commence \u00e0 \u00e9clore en lui. D'o\u00f9 vient soudain cette aile ? Th\u00e9\u00e2tre de marionnettes (presque) sans paroles, d'apr\u00e8s H.C. Andersen \u201e Le Vilain Caneton \u201c.<\/p>\n<p>Billets \u2013 Enfants \/ Adultes : 7 \u20ac<\/p>\n<p>Ouverture des portes : 15h20, dur\u00e9e : 45 min.<\/p>\n<p>\u00c2ge : enfants \u00e0 partir de 4 ans<\/p>\n<p>Pr\u00e9vente : Naturkostinsel \u00e0 la M\u00fcnchner Str. 52, Dachau ou via la billetterie en ligne : ticketino.com<\/p>\n<p>Contact :<br \/>\nTh\u00e9\u00e2tre de petit format Leierkasten Dachau<br \/>\nUhdestr. 2, 85221<\/p>\n<p>T\u00e9l\u00e9phone : 08131 \u2013 55195<br \/>\nE-Mail : info@leierkasten-dachau.de<br \/>\nPage d'accueil : www.leierkasten-dachau.de<\/p>","protected":false},"excerpt":{"rendered":"<p>Zu gro\u00df, zu lang, zu d\u00fcnn, zu wacklig, zu grau, zu langsam, zu ungeschickt! Warum bin ich anders als alle anderen? Das kleine Entlein hat kein Gl\u00fcck. \u00dcberall eckt es an, es passt in keine Reihe und ja, h\u00e4sslich ist es sowieso. So stolpert Entlein von einer unangenehmen Situation in die n\u00e4chste. Dabei begegnet es [&hellip;]<\/p>\n","protected":false},"featured_media":0,"template":"","class_list":["post-9179","events_heimatinfo","type-events_heimatinfo","status-publish","hentry"],"yoast_head":"<!-- This site is optimized with the Yoast SEO plugin v28.3 - https:\/\/yoast.com\/product\/yoast-seo-wordpress\/ -->\n<title>Schwanen \u2013 Eva Sotriffer, Bozen IT - Dachau Tourismus<\/title>\n<meta name=\"robots\" content=\"index, follow, max-snippet:-1, max-image-preview:large, max-video-preview:-1\" \/>\n<link rel=\"canonical\" href=\"https:\/\/www.tourismus.dachau.de\/fr\/veranstaltungskalender\/schwanen-eva-sotriffer-bozen-it\/\" \/>\n<meta property=\"og:locale\" content=\"fr_FR\" \/>\n<meta property=\"og:type\" content=\"article\" \/>\n<meta property=\"og:title\" content=\"Schwanen \u2013 Eva Sotriffer, Bozen IT - Dachau Tourismus\" \/>\n<meta property=\"og:description\" content=\"Zu gro\u00df, zu lang, zu d\u00fcnn, zu wacklig, zu grau, zu langsam, zu ungeschickt! Warum bin ich anders als alle anderen? Das kleine Entlein hat kein Gl\u00fcck. \u00dcberall eckt es an, es passt in keine Reihe und ja, h\u00e4sslich ist es sowieso. So stolpert Entlein von einer unangenehmen Situation in die n\u00e4chste. Dabei begegnet es [&hellip;]\" \/>\n<meta property=\"og:url\" content=\"https:\/\/www.tourismus.dachau.de\/fr\/veranstaltungskalender\/schwanen-eva-sotriffer-bozen-it\/\" \/>\n<meta property=\"og:site_name\" content=\"Dachau Tourismus\" \/>\n<meta property=\"article:modified_time\" content=\"2026-09-01T23:00:17+00:00\" \/>\n<meta name=\"twitter:card\" content=\"summary_large_image\" \/>\n<meta name=\"twitter:label1\" content=\"Dur\u00e9e de lecture estim\u00e9e\" \/>\n\t<meta name=\"twitter:data1\" content=\"1 minute\" \/>\n<script type=\"application\/ld+json\" class=\"yoast-schema-graph\">{\"@context\":\"https:\\\/\\\/schema.org\",\"@graph\":[{\"@type\":\"WebPage\",\"@id\":\"https:\\\/\\\/www.tourismus.dachau.de\\\/veranstaltungskalender\\\/schwanen-eva-sotriffer-bozen-it\\\/\",\"url\":\"https:\\\/\\\/www.tourismus.dachau.de\\\/veranstaltungskalender\\\/schwanen-eva-sotriffer-bozen-it\\\/\",\"name\":\"Schwanen \u2013 Eva Sotriffer, Bozen IT - Dachau Tourismus\",\"isPartOf\":{\"@id\":\"https:\\\/\\\/www.tourismus.dachau.de\\\/#website\"},\"datePublished\":\"2026-07-13T23:00:11+00:00\",\"dateModified\":\"2026-09-01T23:00:17+00:00\",\"breadcrumb\":{\"@id\":\"https:\\\/\\\/www.tourismus.dachau.de\\\/veranstaltungskalender\\\/schwanen-eva-sotriffer-bozen-it\\\/#breadcrumb\"},\"inLanguage\":\"fr-FR\",\"potentialAction\":[{\"@type\":\"ReadAction\",\"target\":[\"https:\\\/\\\/www.tourismus.dachau.de\\\/veranstaltungskalender\\\/schwanen-eva-sotriffer-bozen-it\\\/\"]}]},{\"@type\":\"BreadcrumbList\",\"@id\":\"https:\\\/\\\/www.tourismus.dachau.de\\\/veranstaltungskalender\\\/schwanen-eva-sotriffer-bozen-it\\\/#breadcrumb\",\"itemListElement\":[{\"@type\":\"ListItem\",\"position\":1,\"name\":\"Startseite\",\"item\":\"https:\\\/\\\/www.tourismus.dachau.de\\\/\"},{\"@type\":\"ListItem\",\"position\":2,\"name\":\"Schwanen \u2013 Eva Sotriffer, Bozen IT\"}]},{\"@type\":\"WebSite\",\"@id\":\"https:\\\/\\\/www.tourismus.dachau.de\\\/#website\",\"url\":\"https:\\\/\\\/www.tourismus.dachau.de\\\/\",\"name\":\"Dachau Tourismus\",\"description\":\"Wir freuen uns \u00fcber Ihren Besuch auf unserer Website.\",\"publisher\":{\"@id\":\"https:\\\/\\\/www.tourismus.dachau.de\\\/#organization\"},\"potentialAction\":[{\"@type\":\"SearchAction\",\"target\":{\"@type\":\"EntryPoint\",\"urlTemplate\":\"https:\\\/\\\/www.tourismus.dachau.de\\\/?s={search_term_string}\"},\"query-input\":{\"@type\":\"PropertyValueSpecification\",\"valueRequired\":true,\"valueName\":\"search_term_string\"}}],\"inLanguage\":\"fr-FR\"},{\"@type\":\"Organization\",\"@id\":\"https:\\\/\\\/www.tourismus.dachau.de\\\/#organization\",\"name\":\"Dachau Tourismus\",\"url\":\"https:\\\/\\\/www.tourismus.dachau.de\\\/\",\"logo\":{\"@type\":\"ImageObject\",\"inLanguage\":\"fr-FR\",\"@id\":\"https:\\\/\\\/www.tourismus.dachau.de\\\/#\\\/schema\\\/logo\\\/image\\\/\",\"url\":\"\",\"contentUrl\":\"\",\"caption\":\"Dachau Tourismus\"},\"image\":{\"@id\":\"https:\\\/\\\/www.tourismus.dachau.de\\\/#\\\/schema\\\/logo\\\/image\\\/\"}}]}<\/script>\n<!-- \/ Yoast SEO plugin. -->","yoast_head_json":{"title":"Cygne \u2013 Eva Sotriffer, Bolzano IT - Tourisme de Dachau","robots":{"index":"index","follow":"follow","max-snippet":"max-snippet:-1","max-image-preview":"max-image-preview:large","max-video-preview":"max-video-preview:-1"},"canonical":"https:\/\/www.tourismus.dachau.de\/fr\/veranstaltungskalender\/schwanen-eva-sotriffer-bozen-it\/","og_locale":"fr_FR","og_type":"article","og_title":"Schwanen \u2013 Eva Sotriffer, Bozen IT - Dachau Tourismus","og_description":"Zu gro\u00df, zu lang, zu d\u00fcnn, zu wacklig, zu grau, zu langsam, zu ungeschickt! Warum bin ich anders als alle anderen? Das kleine Entlein hat kein Gl\u00fcck. \u00dcberall eckt es an, es passt in keine Reihe und ja, h\u00e4sslich ist es sowieso. So stolpert Entlein von einer unangenehmen Situation in die n\u00e4chste. Dabei begegnet es [&hellip;]","og_url":"https:\/\/www.tourismus.dachau.de\/fr\/veranstaltungskalender\/schwanen-eva-sotriffer-bozen-it\/","og_site_name":"Dachau Tourismus","article_modified_time":"2026-09-01T23:00:17+00:00","twitter_card":"summary_large_image","twitter_misc":{"Dur\u00e9e de lecture estim\u00e9e":"1 minute"},"schema":{"@context":"https:\/\/schema.org","@graph":[{"@type":"WebPage","@id":"https:\/\/www.tourismus.dachau.de\/veranstaltungskalender\/schwanen-eva-sotriffer-bozen-it\/","url":"https:\/\/www.tourismus.dachau.de\/veranstaltungskalender\/schwanen-eva-sotriffer-bozen-it\/","name":"Cygne \u2013 Eva Sotriffer, Bolzano IT - Tourisme de Dachau","isPartOf":{"@id":"https:\/\/www.tourismus.dachau.de\/#website"},"datePublished":"2026-07-13T23:00:11+00:00","dateModified":"2026-09-01T23:00:17+00:00","breadcrumb":{"@id":"https:\/\/www.tourismus.dachau.de\/veranstaltungskalender\/schwanen-eva-sotriffer-bozen-it\/#breadcrumb"},"inLanguage":"fr-FR","potentialAction":[{"@type":"ReadAction","target":["https:\/\/www.tourismus.dachau.de\/veranstaltungskalender\/schwanen-eva-sotriffer-bozen-it\/"]}]},{"@type":"BreadcrumbList","@id":"https:\/\/www.tourismus.dachau.de\/veranstaltungskalender\/schwanen-eva-sotriffer-bozen-it\/#breadcrumb","itemListElement":[{"@type":"ListItem","position":1,"name":"Startseite","item":"https:\/\/www.tourismus.dachau.de\/"},{"@type":"ListItem","position":2,"name":"Schwanen \u2013 Eva Sotriffer, Bozen IT"}]},{"@type":"WebSite","@id":"https:\/\/www.tourismus.dachau.de\/#website","url":"https:\/\/www.tourismus.dachau.de\/","name":"Tourisme de Dachau","description":"Nous nous r\u00e9jouissons de votre visite sur notre site web.","publisher":{"@id":"https:\/\/www.tourismus.dachau.de\/#organization"},"potentialAction":[{"@type":"SearchAction","target":{"@type":"EntryPoint","urlTemplate":"https:\/\/www.tourismus.dachau.de\/?s={search_term_string}"},"query-input":{"@type":"PropertyValueSpecification","valueRequired":true,"valueName":"search_term_string"}}],"inLanguage":"fr-FR"},{"@type":"Organization","@id":"https:\/\/www.tourismus.dachau.de\/#organization","name":"Tourisme de Dachau","url":"https:\/\/www.tourismus.dachau.de\/","logo":{"@type":"ImageObject","inLanguage":"fr-FR","@id":"https:\/\/www.tourismus.dachau.de\/#\/schema\/logo\/image\/","url":"","contentUrl":"","caption":"Dachau Tourismus"},"image":{"@id":"https:\/\/www.tourismus.dachau.de\/#\/schema\/logo\/image\/"}}]}},"_links":{"self":[{"href":"https:\/\/www.tourismus.dachau.de\/fr\/wp-json\/wp\/v2\/events_heimatinfo\/9179","targetHints":{"allow":["GET"]}}],"collection":[{"href":"https:\/\/www.tourismus.dachau.de\/fr\/wp-json\/wp\/v2\/events_heimatinfo"}],"about":[{"href":"https:\/\/www.tourismus.dachau.de\/fr\/wp-json\/wp\/v2\/types\/events_heimatinfo"}],"wp:attachment":[{"href":"https:\/\/www.tourismus.dachau.de\/fr\/wp-json\/wp\/v2\/media?parent=9179"}],"curies":[{"name":"wp","href":"https:\/\/api.w.org\/{rel}","templated":true}]}}

<p>Trop grand, trop long, trop mince, trop instable, trop gris, trop lent, trop maladroit ! Pourquoi suis-je différent de tous les autres ? Le petit caneton n'a pas de chance. Partout il détonne, il ne rentre dans aucun moule et, de toute façon, il est laid. C'est ainsi que le caneton trébuche d'une situation désagréable à une autre. Il y rencontre la solitude, l'exclusion, le rejet et bien des cruautés. Mais alors, quelque chose commence à éclore en lui. D'où vient soudain cette aile ? Théâtre de marionnettes (presque) sans paroles, d'après H.C. Andersen „ Le Vilain Caneton “.</p>
<p>Billets – Enfants / Adultes : 7 €</p>
<p>Ouverture des portes : 15h20, durée : 45 min.</p>
<p>Âge : enfants à partir de 4 ans</p>
<p>Prévente : Naturkostinsel à la Münchner Str. 52, Dachau ou via la billetterie en ligne : ticketino.com</p>
<p>Contact :<br />
Théâtre de petit format Leierkasten Dachau<br />
Uhdestr. 2, 85221</p>
<p>Téléphone : 08131 – 55195<br />
E-Mail : info@leierkasten-dachau.de<br />
Page d'accueil : www.leierkasten-dachau.de</p>

<p>Zu groß, zu lang, zu dünn, zu wacklig, zu grau, zu langsam, zu ungeschickt! Warum bin ich anders als alle anderen? Das kleine Entlein hat kein Glück. Überall eckt es an, es passt in keine Reihe und ja, hässlich ist es sowieso. So stolpert Entlein von einer unangenehmen Situation in die nächste. Dabei begegnet es [&hellip;]</p>

<!-- This site is optimized with the Yoast SEO plugin v28.3 - https://yoast.com/product/yoast-seo-wordpress/ -->
<title>Schwanen – Eva Sotriffer, Bozen IT - Dachau Tourismus</title>
<meta name="robots" content="index, follow, max-snippet:-1, max-image-preview:large, max-video-preview:-1" />
<link rel="canonical" href="https://www.tourismus.dachau.de/fr/veranstaltungskalender/schwanen-eva-sotriffer-bozen-it/" />
<meta property="og:locale" content="fr_FR" />
<meta property="og:type" content="article" />
<meta property="og:title" content="Schwanen – Eva Sotriffer, Bozen IT - Dachau Tourismus" />
<meta property="og:description" content="Zu groß, zu lang, zu dünn, zu wacklig, zu grau, zu langsam, zu ungeschickt! Warum bin ich anders als alle anderen? Das kleine Entlein hat kein Glück. Überall eckt es an, es passt in keine Reihe und ja, hässlich ist es sowieso. So stolpert Entlein von einer unangenehmen Situation in die nächste. Dabei begegnet es [&hellip;]" />
<meta property="og:url" content="https://www.tourismus.dachau.de/fr/veranstaltungskalender/schwanen-eva-sotriffer-bozen-it/" />
<meta property="og:site_name" content="Dachau Tourismus" />
<meta property="article:modified_time" content="2026-09-01T23:00:17+00:00" />
<meta name="twitter:card" content="summary_large_image" />
<meta name="twitter:label1" content="Durée de lecture estimée" />
	<meta name="twitter:data1" content="1 minute" />
<script type="application/ld+json" class="yoast-schema-graph">{"@context":"https:\/\/schema.org","@graph":[{"@type":"WebPage","@id":"https:\/\/www.tourismus.dachau.de\/veranstaltungskalender\/schwanen-eva-sotriffer-bozen-it\/","url":"https:\/\/www.tourismus.dachau.de\/veranstaltungskalender\/schwanen-eva-sotriffer-bozen-it\/","name":"Schwanen – Eva Sotriffer, Bozen IT - Dachau Tourismus","isPartOf":{"@id":"https:\/\/www.tourismus.dachau.de\/#website"},"datePublished":"2026-07-13T23:00:11+00:00","dateModified":"2026-09-01T23:00:17+00:00","breadcrumb":{"@id":"https:\/\/www.tourismus.dachau.de\/veranstaltungskalender\/schwanen-eva-sotriffer-bozen-it\/#breadcrumb"},"inLanguage":"fr-FR","potentialAction":[{"@type":"ReadAction","target":["https:\/\/www.tourismus.dachau.de\/veranstaltungskalender\/schwanen-eva-sotriffer-bozen-it\/"]}]},{"@type":"BreadcrumbList","@id":"https:\/\/www.tourismus.dachau.de\/veranstaltungskalender\/schwanen-eva-sotriffer-bozen-it\/#breadcrumb","itemListElement":[{"@type":"ListItem","position":1,"name":"Startseite","item":"https:\/\/www.tourismus.dachau.de\/"},{"@type":"ListItem","position":2,"name":"Schwanen – Eva Sotriffer, Bozen IT"}]},{"@type":"WebSite","@id":"https:\/\/www.tourismus.dachau.de\/#website","url":"https:\/\/www.tourismus.dachau.de\/","name":"Dachau Tourismus","description":"Wir freuen uns über Ihren Besuch auf unserer Website.","publisher":{"@id":"https:\/\/www.tourismus.dachau.de\/#organization"},"potentialAction":[{"@type":"SearchAction","target":{"@type":"EntryPoint","urlTemplate":"https:\/\/www.tourismus.dachau.de\/?s={search_term_string}"},"query-input":{"@type":"PropertyValueSpecification","valueRequired":true,"valueName":"search_term_string"}}],"inLanguage":"fr-FR"},{"@type":"Organization","@id":"https:\/\/www.tourismus.dachau.de\/#organization","name":"Dachau Tourismus","url":"https:\/\/www.tourismus.dachau.de\/","logo":{"@type":"ImageObject","inLanguage":"fr-FR","@id":"https:\/\/www.tourismus.dachau.de\/#\/schema\/logo\/image\/","url":"","contentUrl":"","caption":"Dachau Tourismus"},"image":{"@id":"https:\/\/www.tourismus.dachau.de\/#\/schema\/logo\/image\/"}}]}</script>
<!-- / Yoast SEO plugin. -->

Zu groß, zu lang, zu dünn, zu wacklig, zu grau, zu langsam, zu ungeschickt! Warum bin ich anders als alle anderen? Das kleine Entlein hat kein Glück. Überall eckt es an, es passt in keine Reihe und ja, hässlich ist es sowieso. So stolpert Entlein von einer unangenehmen Situation in die nächste. Dabei begegnet es [&hellip;]

Nous nous réjouissons de votre visite sur notre site web.
